 254*s + 2092. Let m be j(-8). Let d(g) be the second derivative of -g**5/20 - g**4/6 + 2*g**3/3 + 3*g**2/2 + 2*g. Determine d(m).
19
Let m(q) = -44*q**2 + 145*q - 6. Let d(y) = 21*y**2 - 71*y + 2. Let w(l) = -7*d(l) - 3*m(l). What is w(4)?
12
Let d(z) = 28*z + 301 + 3*z - 200 + z**2. Determine d(-27).
-7
Let q(l) = -l**3 + 16*l**2 - 30*l + 39. Let d be (516/(-36) - -19)*3. Calculate q(d).
11
Suppose -18*a - 12 = -22*a. Let b(v) = 1 - 88*v + 96*v - a. Calculate b(2).
14
Let v(s) = -37*s + 3518. Let w be v(95). Let u(m) be the third derivative of 1/12*m**5 + 1/12*m**4 + 0 - 15*m**2 - 1/3*m**w + 0*m + 1/120*m**6. What is u(-2)?
6
Let z(m) = m**2 + m. Let g(k) = 4*k**2 + 11*k - 6. Let w be 2 + -1 - (11 - 9). Let n(h) = w*g(h) + 5*z(h). Let d(b) = 4*b**3 + 1. Let y be d(1). What is n(y)?
1
Let p(r) = 4*r**2 + 3*r + 1. Let o = 1027 - 430. Let j(y) = -597*y + o*y + y**2 - 1. Let l(x) = -2*j(x) + p(x). What is l(3)?
30
Let b(s) = 18*s**2 - 7 - 9*s**2 - 10*s**2 - 13*s. Let a be b(-13). Let u(o) = -o - 4. Determine u(a).
3
Suppose -4*w = 2*t + 70, 4*w - 175 = 5*t + w. Let b = t + 27. Let h(d) = -d**3 - 9*d**2 - 3*d + 7. Calculate h(b).
-33
Suppose -22*u + 44 = -0*u. Let i(s) = -1 - s**u + 18*s + 13*s - 27*s. Give i(6).
-13
Let l be 265*(6 + (-34)/5). Let v = 212 + l. Let a(x) = -x**3 + x**2 - 5. Calculate a(v).
-5
Let n(s) be the first derivative of s**5/60 + s**4/12 - 13*s**2/2 + 3*s - 10. Let u(f) be the second derivative of n(f). Let y = 87 + -91. Determine u(y).
8
Let i(p) = -4*p**2 + 60*p + 27. Let h(x) = -3*x**2 + 40*x + 17. Let s(q) = 7*h(q) - 5*i(q). What is s(-19)?
3
Let v(r) = -r**2 - r - 40. Suppose 10*l + 67*l = -16*l - 24*l. Calculate v(l).
-40
Let t(a) = 6*a - 99. Suppose -3*g - 13*g = -35*g + 304. Determine t(g).
-3
Let h(q) = 1 + 2 + 448*q**3 + 4*q**2 + 7*q + 2*q**2 - 447*q**3. Suppose 4*c + 3*i = -5, -4*i + 16 = -c - 9. What is h(c)?
-7
Suppose 325*b + 4*w - 31 = 322*b, 0 = b - 3*w + 20. Let r(j) = -17*j + 7. Let k(m) = -9*m + 3. Let g(v) = -5*k(v) + 2*r(v). Determine g(b).
10
Suppose 0 = -4*p + 12*p - 40. Let r(c) = -5*c**3 + 5*c**2 + 6*c + 6. Let a(z) = 4*z**3 - 5*z**2 - 4*z - 6. Let q(m) = -4*a(m) - 3*r(m). Give q(p).
-4
Let d(r) be the second derivative of -1/12*r**4 + 7/6*r**3 - 85*r + 0 - r**2. Give d(8).
-10
Let x be (-7)/2 - 1/2. Let s(c) be the third derivative of 0*c - 3 - 2/3*c**3 - 1/8*c**4 - 6*c**2. What is s(x)?
8
Let j(q) = 42*q + 4*q**3 + 0*q**2 + 2*q**2 - 44*q - 2*q**3. Let z(y) = 13*y + 37. Let g be z(-3). Give j(g).
-4
Let b(w) = -2*w**3 - 2*w**2 + 2*w + 1. Let v(z) = -z**3 - 14*z**2 - 10*z - 38. Let o be v(-13). Let l = -80 - o. Give b(l).
31
Let a(f) = 35*f**2 - 17*f**2 + 21 - 13*f**2 - 21. Calculate a(2).
20
Suppose -a + 5*a = -3*a - 42. Let h(l) = -5*l - 30. Calculate h(a).
0
Let l(w) = -80 - 76 - 93 - 5*w + 225 - 134. Calculate l(-36).
22
Let q(t) = t**2 - 13*t + 5. Let s(i) = i. Let a = 86 - 82. Suppose 0 = 2*n - 6, 11 = -2*c + a*n - 3. Let h(y) = c*q(y) - 6*s(y). Give h(6).
1
Let q(c) be the third derivative of -c**4/8 - 2663*c**2. Give q(-18).
54
Let b(z) = -3*z + 3. Let s = -231 - -237. Let h be (-9)/s*5/((-75)/20). Determine b(h).
-3
Suppose -2*t + 24 = 3*q - 6, t + q - 13 = 0. Let c(i) = i**3 - 9*i**2 - 9 + 31*i**2 - 32*i**2 + 8*i. Give c(t).
-18
Let l(s) be the second derivative of s**5/20 + 5*s**4/12 - 5*s**2 - 2*s - 7. Let t be l(-4). Let n(d) = d**2 - 6*d + 5. Determine n(t).
5
Let x = 12 + 425. Let g = 441 - x. Let j(b) = b + 1. Calculate j(g).
5
Let m(c) = 2*c**2 + 2*c - 1. Let a be m(-2). Suppose -a*p + 8*p = -2*r - 6, 0 = -r - 4*p - 6. Let h(g) = -g - 4 + g**2 - 7*g**2 - g**3 - r. Determine h(-6).
0
Let w(h) = 7*h**2 - 4*h + 10. Let i(p) = -84*p**2 + 49*p - 119. Let t(z) = -3*i(z) - 35*w(z). Let j(b) = 2*b**2. Let u(g) = -3*j(g) + t(g). What is u(4)?
-5
Let o(h) = 67*h + 74*h - 3 + 0 + 117*h - 264*h. Let n = -11 - -6. Determine o(n).
27
Let z(r) be the second derivative of -5*r**3/3 - 29*r**2/2 - 2798*r. Calculate z(-6).
31
Let q(i) = -i + 8. Let m be ((-4)/6)/(44/(-132)). Let s be (-24)/(-16)*3 + (-1)/m. What is q(s)?
4
Let t(a) be the first derivative of a**3/3 - a**2 - 3*a - 36. Let d(v) = -v**2 + 9*v + 2. Let i be d(10). Let c = i + 12. Determine t(c).
5
Let g(r) = -22*r - 55. Let q be g(-4). Let w(d) = -2*d - 10 + 14*d + q - 22. Determine w(-1).
-11
Let n(o) = -4*o - 15 - 9*o + 6*o - 6*o + 17*o. Give n(6).
9
Let p(m) = -13*m - 10. Suppose 3*a = -4*q - 1, -8*q + 4*q = 4*a. Determine p(q).
3
Let l(y) be the first derivative of -y**7/840 - y**5/120 + y**4/24 - 31*y**3/3 + 39. Let f(m) be the third derivative of l(m). Calculate f(1).
-1
Suppose 5*x - 769 - 566 = 0. Let v = -261 + x. Let k(u) = u**2 - 5*u + 6. What is k(v)?
12
Let s(d) = 593 - 1156 - 4*d + 553. What is s(2)?
-18
Let r(x) be the third derivative of x**5/60 - 5*x**4/24 - 3*x**3 + 32*x**2 - 12*x + 1. Calculate r(-7).
66
Let m(v) = 12*v. Suppose 3907 = -20*a - 2093. Let t = a + 299. What is m(t)?
-12
Suppose 0 = -2*p - 2*p + 20. Suppose 0 = -p*x - 0*x + 20. Suppose -5*m + 5 = -5*i, x*m + i = -0*i + 24. Let g(s) = s**2 - 8*s + 3. What is g(m)?
-12
Suppose 4*r - t + 9 = 0, t + 135 - 142 = 2*r. Let a(b) = 80*b**2 - b. What is a(r)?
81
Let u be (-4)/(-6)*105/10*-1. Let r(c) = -9*c - 19 - c**2 + 11 + c. Determine r(u).
-1
Let m be 15 + 7 - 37 - -27. Let g(v) = v**3 - 14*v**2 + 29*v - 18. Give g(m).
42
Let x = 15 - -29. Suppose x*n + 6 = 46*n. Let p(l) = 4*l**3 + 9*l**2 - 3*l - 2. Let b(i) = -i**3 - i**2 + 1. Let y(k) = -5*b(k) - p(k). Determine y(n).
-3
Let x = -109 + -25. Let j = x + 136. Let w(v) = 4 + 16*v - 4*v**j - 18*v + 2*v**2. Calculate w(-3).
-8
Suppose 2*x - 1 = 1. Let r(h) = 11. Let k(g) = -4*g - 176. Let z(m) = -3*k(m) - 48*r(m). Give z(x).
12
Suppose 409*v - 419*v + 50 = 0. Let l(z) = -53427 + 53432 + 4*z + v*z - z**2. Determine l(10).
-5
Let t(x) = x**3 - 12*x**2 + 6*x + 12. Let y = 12689 - 12678. Calculate t(y).
-43
Let v = 41 + -36. Suppose -2*y - v*n = -4*y + 1, -3*y - 5*n = -14. Suppose 8*x + y - 35 = 0. Let r(w) = 5*w - 5. Calculate r(x).
15
Let g(c) = -9*c**3 - 37*c**2 + 30*c - 30. Let i(x) = 14*x**3 + 59*x**2 - 45*x + 49. Let t(j) = 8*g(j) + 5*i(j). What is t(-4)?
57
Let a(d) = -d**3 - 7*d**2 + 2*d - 1. Let z be a(-8). Let r = -36 + z. Let o(t) = -7 + r - 30*t + 34*t. What is o(-3)?
-8
Let b(h) = -h**3 - h - 24. Let g = 425 - 425. Let l be g*(5 - (160/(-6))/(-5)). Determine b(l).
-24
Let q(m) = m**2 + 6*m + 15. Let n be 14/(-28) + 153/(-18). Calculate q(n).
42
Suppose 2*f - 64 = 4*r, 0 = 13*r - 14*r + 2*f - 28. Let q(o) = -o**2 - 6*o + 23. Determine q(r).
-49
Suppose 4*c + 219*i - 29 = 220*i, 17 = c + 3*i. Let h(x) = x**3 - 8*x**2 - 3*x - 6. Calculate h(c).
-30
Suppose 3*h - 2 = 5*n - 1, -3*h - n = -7. Let l(m) = -m**3 - 8 + 18 - 24 - m**h. Give l(0).
-14
Let w(o) = -10*o**2 + 133*o + 17. Let t(g) = -3*g**2 + 39*g + 6. Let p(d) = 7*t(d) - 2*w(d). Calculate p(9).
-10
Let a(u) = -3*u**2 + 11*u + 14. Let n be ((-15)/(-9) + -5)*(-60)/40. Calculate a(n).
-6
Let s(k) = 5*k + 5. Let w = 38 - 31. Let y(d) = -w - 1 + 4 - 3*d - d. Let u(f) = -3*s(f) - 4*y(f). Determine u(2).
3
Let u(o) = o**2 - 2*o - 5. Suppose 29*j = 25*j + 4. Let m(p) = 2*p**3 + j - 16*p - 5*p**3 - 15*p**2 + 4 + 4*p**3. Let n be m(16). Calculate u(n).
10
Let t(a) = 13*a**2 + 3*a + 13. Let o(p) = -11*p**2 - 3*p - 16. Let j(f) = -7*o(f) - 6*t(f). Calculate j(7).
6
Let g(s) = -19. Let b(f) = -8*f - 114. Let j(i) = b(i) - 5*g(i). Give j(-3).
5
Let m(q) = 103*q - 309. Let r be m(3). Let o(z) be the second derivative of 1/20*z**5 + r + z**2 - 2/3*z**3 - 1/6*z**4 + 6*z. Give o(3).
-1
Let n(a) = -3*a + 505. Let m(w) = 8*w - 1682. Let x(h) = 3*m(h) + 10*n(h). Give x(-5).
34
Let x(h) = -h**2 - 9*h + 12. Suppose -5*q + 27 = -68. Suppose -16*n = -q*n. Let f be 5/((n - -2)/(-11 + 7)). Calculate x(f).
2
Suppose -v - r - 6 = 3*r, 4*r = -8. Let s(q) = q**3 - q**2 + q + 6. Let p(t) = -2*t**2 - 2. Let c(d) = -p(d) - s(d). Calculate c(v).
-2
Let r(l) = 9*l**2 - 5*l + 12. Let a(g) = 5*g**2 - 3*g + 6. Let f be (2/(-18))/((-3)/9)*18. Let o(i) = f*r(i) - 11*a(i). Determine o(-4).
-22
Let n(j) be the third derivative of -j**7/5040 - j**6/360 + 8*j**5/15 + 51*j**2. Let x(r) be the third derivative of n(r). Give x(-3).
1
Suppose 4*x + 3*m + 1 = 0, 3*x + 2*m + m - 3 = 0. Let d(b) = 